 - 28*u + 99. Let g be i(23). Give c(g).
-26
Let s(y) = 8*y. Suppose -l - 156 = -3*w, -5*l = w - 3*l - 59. Let v = -52 + w. Give s(v).
8
Let h(r) = r**3 - 7*r**2 - 16 + r**2 + 12*r + 4 + 2 - 25*r. What is h(8)?
14
Let x(z) = -6*z - 4. Let k(v) = -18*v - 15. Let n(a) = -2. Let h(y) = -k(y) + 2*n(y). Let m(i) = 2*h(i) + 7*x(i). Determine m(-8).
42
Let w(b) = -1 + 205*b + 0 - 224*b. Let g(y) = 96*y + 5. Let u(n) = -2*g(n) - 11*w(n). Suppose -l + 9 = 8*l. What is u(l)?
18
Let y(z) be the first derivative of -z**3 + 5*z**2/2 - 4*z - 448. Calculate y(2).
-6
Suppose -2*j + 39 = 5*y, 5*j = 3*y - 521 + 479. Let w(m) = -7*m**3 + m**2 + 2*m - 4. What is w(j)?
188
Let a(y) = y**2 + 8*y + 3. Let v(m) = m**2 + 7*m - 1. Let b(q) = -4*a(q) + 3*v(q). Give b(-8).
9
Let z(k) = -k**2 + 8*k - 10. Let t = -440 + 446. Determine z(t).
2
Let o(m) = -m. Let x(b) = b**2 + 9*b + 8. Let i be x(-7). Let u be (-4)/i - (-2 - 1/3). Suppose -13 = u*z - 19. Give o(z).
-2
Let d(h) = h**2 + 5 - 405*h + 395*h + 4 + 0. Determine d(6).
-15
Let x(g) be the third derivative of g**6/120 + g**5/15 - 5*g**4/24 - 5*g**3/6 - 28*g**2 + 3*g. Let y be -2 - (5 - (0 + 2)). What is x(y)?
-5
Let g = -191 - 190. Let j = 373 + g. Let o(i) = -i**2 - 10*i - 19. Determine o(j).
-3
Let i = -5739 - -5727. Let j(v) = 2*v**2 + 17*v + 2. Determine j(i).
86
Let m be (6*2)/(-5*(-20)/50). Suppose r + m = 3*r. Let u(f) = -3 + 3 + 2*f**2 - 3*f. Give u(r).
9
Let n(u) = 239*u + 6. Let j(h) = 1194*h + 33. Let z(k) = j(k) - 5*n(k). Suppose 3*a = -4*x - 1, -4*a - 4*x = a + 15. Determine z(a).
10
Let s(u) = -3*u - u - 3*u + u. Let n = 64 + -31. Suppose 0 = -4*y - 29 + n. Give s(y).
-6
Let x(g) = g**3 - 6*g**2. Let y be 1*((-14)/(-8) - (-1)/4). Let z(d) = -5*d**2 + d + 2. Let l be z(y). Let h be ((12/(-5))/1)/(l/40). Calculate x(h).
0
Let q(d) = -4 + d**2 + 543*d - 198*d - 338*d. Let g be -4*(-4 + 3 - -3). Determine q(g).
4
Let t(b) = -b**2 + 6*b + 11. Let u be t(7). Suppose w + 14 = -u*m, 3*m + 5*w + 16 = 7*w. Let c(q) = 2*q**2 + 6*q + 4. Give c(m).
12
Let h(a) = 5*a + 13. Let d be (0 + -1)/(168/182 + -1). Determine h(d).
78
Let l(m) be the first derivative of 19*m**2/2 - 21*m + 1217. Give l(6).
93
Let b(s) = 1. Let c(k) = -k - 1. Suppose 4*x + 5*l + 49 = 0, l + 3 + 8 = -x. Let w be -2*(3 + -4 - x/4). Let t(o) = w*c(o) - b(o). What is t(0)?
0
Suppose -28*j + 15 = -28 + 15. Let n(i) be the first derivative of i**5/40 - i**4/24 + 4*i**3/3 + 4. Let k(z) be the third derivative of n(z). Give k(j).
2
Let u(r) = r**3 - 7*r**2 + 6*r + 2. Suppose 4*y = c + 38, -2*c - 134 = 5*y - 6. Let o be (-25)/15*c/15. What is u(o)?
2
Let m(v) = -841*v**2 - 1 - 1 - v**3 - v + 846*v**2. Let z be 14/2 - 0 - 2. What is m(z)?
-7
Let l(n) = -3 - 4*n - 2 + 1 + 5*n. Suppose 5*i = 2*c - 1, 2*i - 4*c - 86 = -64. Give l(i).
-7
Let g(w) be the first derivative of 13*w**3 - 2*w**2 + 10530. Determine g(-1).
43
Let l = 3 + -6. Let x(p) = 8*p - 10. Let r(i) = -13*i + 3. Let a(z) = -z - 1. Let f(u) = -6*a(u) + r(u). Let m(c) = l*x(c) - 4*f(c). What is m(4)?
10
Suppose 22*c + 17 - 48 + 185 = 0. Let t(d) = 2*d**3 + 12*d**2 - 11*d - 4. Calculate t(c).
-25
Let i(b) = b**3 - 4*b**2 - b + 1. Suppose 8*y - 6 = 138. Suppose 19*w - 3 = y*w. Determine i(w).
-11
Let c(l) = 13*l + 3. Let f(z) = -21*z - 5. Let m(g) = 5*c(g) + 3*f(g). Let x = 5 - 4. Suppose -4*t - u = 0, -4*t + x + 15 = -3*u. What is m(t)?
2
Let i(c) = -1461*c - 300. Let v(x) = 591*x + 150. Let y(g) = -2*i(g) - 5*v(g). What is y(-5)?
15
Let d(z) = z**2 + 6*z - 9. Let w be 56/2*(0 - (-91)/4). Let m = w - 644. Give d(m).
-2
Suppose 0 = -0*n + 4*n - 60. Let r(m) be the second derivative of -m**5/20 + 7*m**4/6 + 8*m**3/3 - 8*m**2 - 94*m + 7. Give r(n).
-1
Let x(z) = -7*z + 8. Suppose 17 = -4*a - g, -g + 11 = -a + g. Let l(t) = -8*t + 9. Let w(b) = a*x(b) + 4*l(b). Determine w(4).
8
Let i(q) be the second derivative of -q**5/20 + 13*q**4/12 + 7*q**3/3 + 9*q**2/2 - 198*q. Let c be (-40)/24*(47/(-5) - -1). Determine i(c).
9
Let i(a) = -3*a + 3. Suppose -4*g + 3 = -17. Let w(n) = -2*n + 2. Let p(h) = g*i(h) - 8*w(h). Let s be p(-6). Let k(f) = f**3 + 7*f**2 + 2. Determine k(s).
2
Let d(c) = -7*c + 13*c + 17*c - 12*c. Let h(f) = f**3 - 7*f**2 + 6*f - 1. Let n be h(6). Calculate d(n).
-11
Let v(t) = -t**2 + 15*t - 33. Suppose -2*j = s, 38*j = 2*s + 33*j - 27. Determine v(s).
21
Let j(y) = 56*y**3 - 30 - 30*y**3 + 22 - 27*y**3 + 5*y - 6*y**2. Suppose 35 = 4*u + 11. Suppose -3*g - 15 - u = 0. What is j(g)?
6
Let u(s) = s**3 + 11*s**2 - 13*s - 12. Suppose m = 4*b + 4*m - 10, -10 = -5*b - 5*m. Let p be 6 + -15 - (2 + b)/2. What is u(p)?
0
Suppose -7*g + 6*g = 9*g + 120. Let v(u) = 9*u + 15. What is v(g)?
-93
Let q(w) be the second derivative of -w**4/12 + 23*w**3/6 - 29*w**2/2 + w - 359. Give q(21).
13
Let u(g) = -g**2 + 44*g - 91. Let v be u(23). Let j = 389 - v. Let f(h) = -h**2 - 5*h - 5. Determine f(j).
1
Let i(m) = -34 - 2*m - 3 + 25 - 25. Calculate i(-15).
-7
Let a(s) be the second derivative of 0 - 23/2*s**2 - 220*s + 5/6*s**3. What is a(6)?
7
Let d = 11 - 21. Let a(p) = -p**3 - 10*p**2 + 5. Let v be a(d). Let b(g) = -g - 7. Let j(l) = -l + 1. Let c(f) = v*j(f) + b(f). Give c(3).
-20
Let o(n) = -n**3 + 20*n**2 + 2*n - 39. Let k be o(20). Let i(y) = 183*y**3 + y**2 - 200*y**3 - k - y**2. Determine i(-1).
16
Let j(f) = -f**3 - 15*f**2 + 52*f - 39. Let h be 12200/(-675) + 415/135 + -3. Give j(h).
-3
Suppose 5*s - 849 + 824 = 0. Let n(t) = 4*t. Let m(k) = 28*k - 3. Let r(a) = s*n(a) - m(a). Give r(-3).
27
Let c(y) be the second derivative of -y**3/3 - 7*y**2 + 5*y - 11. Suppose 5*d = 4*i - 27, -5*d - 3*i + 4 = 10. Calculate c(d).
-8
Let m(h) = -7*h + 396. Let p(y) = -74. Let w(k) = m(k) + 4*p(k). Give w(17).
-19
Let m(c) be the first derivative of -c**3/6 + 2*c**2 + 12*c - 14. Let b(k) be the first derivative of m(k). Let y = 602 + -599. What is b(y)?
1
Let q(k) = -5*k**3 + 12*k**2 - 12*k - 55. Let m(g) = -2*g**3 + g**2 + g. Let f(p) = -3*m(p) + q(p). Calculate f(-10).
-5
Let r(m) = -m**3 + 11*m**2 - m + 14. Let y be r(11). Suppose -5*f = 2*v + 2*v + 12, 3*v = y*f - 9. Let n(w) = w**2 - w - 9. What is n(f)?
-9
Let d(g) = g**3 - 171*g**2 + 3018*g + 37. Let y be d(20). Let l(p) be the third derivative of p**6/120 + p**5/30 - p**4/8 - p**3/2 + 3*p**2. Calculate l(y).
-3
Let u be (-2)/(-7) - 616/98. Let n(l) be the third derivative of l**4/24 + l**3/6 - 9*l**2. Let k(p) = -12*p - 5. Let w(r) = u*n(r) - k(r). Determine w(2).
11
Let g(d) = 25*d**3 - 10*d**2 - 10*d - 19. Let w(u) = 7*u**3 - 4*u**2 - 4*u - 6. Let n(s) = 2*g(s) - 7*w(s). What is n(-6)?
28
Let j(w) = 6*w**3 + 12 + w - 3*w**3 - 6*w**3 - 16 + 2*w**3. Suppose 6*s = -6*s + 3*s. Calculate j(s).
-4
Let o(d) = 5*d - 130. Let t be o(27). Let m(w) = -t*w - 13 - w + 13. What is m(-1)?
6
Let j(t) be the third derivative of 3*t**3 + 1/60*t**5 - 2*t**2 + 0 + 13/24*t**4 + 7*t. What is j(-13)?
18
Let a(f) = 0*f - 364 + 0*f + 2*f - 4*f + 372. What is a(-9)?
26
Let u(c) = c**2 - 5 - 1791*c + 1778*c + 10. Calculate u(12).
-7
Suppose -8 = -3*w - 38. Let z(y) = -752*y - 50. Let g(m) = 2821*m + 199. Let p(a) = -4*g(a) - 15*z(a). Calculate p(w).
-6
Let w(s) = -s**3 + 3*s**2 - s + 2. Let a(p) = 6*p - 19. Let f(i) = -2*i + 6. Let u(n) = 4*a(n) + 11*f(n). Let o be u(7). Suppose 2*c - o*c = -6. Give w(c).
-1
Let i be (19/12)/(1/(-4)) - (-6)/18. Let d(f) = -f**3 - 5*f**2 + 11*f - 1. Calculate d(i).
-31
Let y(o) be the third derivative of -5*o**4/4 + 51*o**3/2 + 1185*o**2 - 2*o - 2. Determine y(5).
3
Let x(d) = -6*d - 6. Let a(h) = -7*h - 6. Let b(k) = -4*a(k) + 5*x(k). Suppose -2*v - 8 = -34. Suppose -5*t + 7*t + 10 = -c, -t + v = -4*c. Determine b(c).
2
Let p(h) = -h**2 + 13*h - 3. Let f be p(10). Let q be f/4 - 3/(-12). Let g(o) = 3*o**3 - 10*o + 11*o**2 + q + 2*o**3 - 6*o**3. Give g(10).
7
Let b = 220 - 194. Suppose 77*x + 153 = b*x. Let r(v) = v + 9. What is r(x)?
6
Suppose 0 + 16 = 4*q, -5*q = -3*l - 2. Let y(s) = -2*s - l*s - s + 8*s. What is y(7)?
-7
Suppose 4*z + z = 15. Suppose -3*u = 4*x + 3, -z*x + 1 + 2 = 4*u. Let s(a) = a - 161*a**2 - 1 + u*a**3 + 159*a**2 - 2*a**3. What is s(2)?
1
Suppose -588 = 64*i - 15*i. Let v(h) = -6*h - 52. What is v(i)?
20
Let p be 2 - (2 + (-2)/2*2). Let u(c) = c**2 + c**3 - p*c**2 - c**2 + 11*c**2 + 2. Determine u(-9).
2
Let t(l) = -l**2